s ((-32)/24)/(2/(-6))*130148/16 a composite number?
False
Suppose 262371880 - 91412015 = 131*b + 120*b. Is b a composite number?
True
Suppose 0 = -86*p + 85*p + 4. Suppose r - 9246 = f, p*r + 5*f = 22970 + 13978. Is r a prime number?
False
Let z = -8 + 11. Let j be 36 + -1 - (z + -3). Let p = j + 184. Is p a prime number?
False
Suppose 14*o - 32 = -88, -5*l - 2*o + 45707 = 0. Is l composite?
True
Suppose -n + 5993 = -4788. Is n prime?
True
Suppose -50862 = -5*n + 6908. Let c = n + -6600. Is c composite?
True
Suppose -5*f - 5746 = -3*o, 3*f + 3450 = 3*o - 2*o. Suppose -43 = -2*u - 1507. Let s = u - f. Is s a composite number?
False
Suppose 4*q = -b + 21 + 23, -5*q - 4*b = -55. Suppose -q = -i - 5. Is (i/(-24))/((-1)/11372) composite?
False
Let h = 35795 + -10906. Is h composite?
False
Is 1187634/(-63)*1*(-30)/4 composite?
True
Let d(y) be the third derivative of -y**6/120 - 7*y**5/30 - 43*y**4/24 - 29*y**3/2 - 112*y**2. Is d(-17) a composite number?
False
Let v = -175 - -178. Suppose -v*l = -2699 + 392. Is l a prime number?
True
Suppose 10*k = 290685 + 713345. Is k prime?
True
Suppose 0 = 3*q + 2*q + 2*m + 68, -2*q = 2*m + 32. Is (2/q + 4/(-12))*-1366 a composite number?
False
Suppose t - r = 57576, 0 = -10*t + 5*t - 5*r + 287810. Is t prime?
False
Suppose -687999 = -3*h - 3*s, -h = -64*s + 63*s - 229329. Is h prime?
False
Suppose 4232288 = -15*y + 17*y. Let l be 2/3 - y/(-48). Is 4/(-30) + l/15 a composite number?
False
Let k(m) = -9*m - 6. Let t = 16 + -18. Let x be k(t). Suppose -3*f + f = c - 1001, 3*f + x = 0. Is c a prime number?
True
Let w(a) = 1342*a**2 + 25*a - 397. Is w(8) a composite number?
False
Let h = -2392191 - -3591128. Is h a composite number?
True
Suppose 407*k = 415*k - 223784. Is k composite?
True
Suppose 128*b + 616775 = 4889403 + 786060. Is b a prime number?
True
Suppose 4*m = -2755 + 915. Let o = 1269 + m. Is o prime?
True
Let r be (-5 - (-22)/4)/(2/(-16360)). Let z = r - -7044. Let n = z - 2101. Is n a prime number?
True
Suppose 0 = a - 0*a + 4. Let b = -1549 - -1545. Is ((-2)/a)/(b/(-2696)) a composite number?
False
Let a = 45 + -45. Suppose a = 9*x - 12*x. Suppose x*r + 358 = 2*r. Is r a prime number?
True
Let b be 2 - ((-4 - 0) + -3). Let o(l) = -11*l**2 - 45*l + 61. Let h(n) = 3*n**2 + 11*n - 15. Let j(t) = b*h(t) + 2*o(t). Is j(-8) a composite number?
True
Let o = 71884 + -47111. Is o a composite number?
True
Let v = 2163 - 2248. Let r(w) = -w**3 + 2*w**2 + 5*w - 3. Let k be r(3). Is (-12)/3 - v*k prime?
True
Suppose -10*b + 54*b - 392348 = 0. Is b prime?
False
Suppose -2*d - 2*k = -31666, -2*d + 3*d - 3*k - 15841 = 0. Suppose -15433 = -4*j + d. Is j prime?
True
Suppose 5*z + 11 = -4, -3*v = 2*z - 8274. Let c = v + -959. Is c prime?
True
Let x(o) = -1. Let m be -2 - -3*4/12. Let h(u) = 186*u + 21. Let j(b) = m*h(b) - 2*x(b). Is j(-9) a composite number?
True
Let j = -3664 + 8888. Let u = 8159 - j. Is u a composite number?
True
Let v = -15678 - -43016. Is v a prime number?
False
Is (-2)/10 - (-4 - 7 - (-2308808)/(-40)) a prime number?
True
Let g(v) = 4*v**2 + 31*v + 1. Let j be g(-8). Suppose 2*x + 4*m = 40178, -60267 = -3*x - 10*m + j*m. Is x prime?
True
Is ((-570)/(-45) - 14)*((-13814277)/12 - 1) a prime number?
True
Suppose 2*x = 6, -d + 6*d - 5*x - 69310 = 0. Suppose 3*p - 2461 = -u + 2163, -2*p = 3*u - d. Is u prime?
True
Suppose -5*b + 5 = p, -4*b + p = 3*p - 10. Suppose b = -51*h + 45*h + 112422. Is h prime?
False
Suppose -5*q + 37 = -2*b + 31, -b = 3*q + 3. Is b/(4*-3) + (-14342)/(-8) prime?
False
Suppose -2*p + 19 = p - f, 0 = 4*p - 4*f - 36. Suppose p*m - 8 = 5*o + 2, 0 = -3*m + 4*o + 3. Suppose m*t - 4932 = -7*t. Is t composite?
True
Suppose 566*q = 526*q + 913480. Is q composite?
True
Suppose n - 408 = 3283. Is n composite?
False
Let v = -840 + 842. Let a(z) = 1291*z - 79. Is a(v) a prime number?
True
Let z be 38/171 + (0 - (-137)/(-9)). Let x be (1 + (-35)/z)*-71241. Is x/(-110) - 4/(-22) a composite number?
True
Let u(y) = 100*y**2 + 147*y + 807. Is u(34) prime?
False
Suppose 995055 - 13630 = 25*n. Is n prime?
False
Let l(j) be the third derivative of 7*j**5/60 - 13*j**4/12 - 29*j**3/6 + 27*j**2 - j. Is l(20) a prime number?
True
Let z = 182682 + -48165. Is z prime?
False
Let a = -236630 - -342357. Is a a prime number?
True
Suppose u + 4*c = 471293, 108*c + 2356590 = 5*u + 103*c. Is u a prime number?
True
Let x be (30/25)/(8/11140). Suppose x = 4*b - 5*c, -5*b + 8*c = 3*c - 2090. Is b a composite number?
False
Let a be 20/25*((-17 - 1) + -2). Is 10/(-4) + 2 + (-16504)/a a prime number?
True
Let o(t) be the first derivative of -197*t**2 + 5*t + 37. Is o(-3) a composite number?
False
Let a(d) = 4540*d**2 - 5*d - 15. Let v be a(-7). Suppose -32*x + v = 11504. Is x composite?
True
Suppose -564530 = 5*a - 5*f, 0*a - a - 112903 = 2*f. Let t be a/(-27) - (-3)/9. Suppose 0*p = 6*p - t. Is p composite?
True
Let g = -30019 - -47636. Is g composite?
True
Let m(o) = 2*o + 77. Let g be m(-36). Suppose 5*t = -4*l + 31701, 5*t - g*l - 31665 = -0*t. Is t a composite number?
False
Let l = -66 + -635. Suppose 0 = -35*m - 17878 - 26362. Let a = l - m. Is a composite?
False
Let m be (93 - 4479)/(-3 + 3 - 2). Let f(y) = -y**2 + y + 1184. Let q be f(0). Let g = m - q. Is g a composite number?
False
Let k(a) = -16*a**3 + 16*a**2 - 15*a + 93. Let g(n) = 9*n**3 - 8*n**2 + 7*n - 47. Let b(m) = 5*g(m) + 3*k(m). Is b(-7) prime?
False
Let k(p) = -4*p + 26 + 15 + 12*p. Is k(22) a prime number?
False
Suppose -2*w = -5*n + 1669101, 5*w + 171918 = n - 161893. Is n a prime number?
True
Suppose -3074236 = -91*j + 10465176 - 421671. Is j a prime number?
False
Let y(r) = 69*r - 2. Suppose 43*z - 3*a + 1 = 44*z, 4*z - 3*a = 4. Is y(z) a composite number?
False
Suppose -18*m - 26*m = -178*m + 48449174. Is m a composite number?
False
Let p = 6742 + -3767. Let u = p + -1214. Is u a composite number?
True
Suppose 0 = -2*b + 5*v + 14, 0 = 5*b - 5*v + 3*v - 14. Suppose -24 = -y - b*y. Is 2/y + 42924/16 a composite number?
False
Suppose -v - v + 2*l + 8600 = 0, 3*v + l - 12900 = 0. Is v/14 - (-10)/(-70) a prime number?
True
Let j be (-2 - -2)*2/(0 + -4). Let r(z) = -z**2 - 6*z. Let s be r(-5). Suppose -i + j*i = -y + 2216, -y - s*i + 2246 = 0. Is y a composite number?
False
Let l(x) = 60056*x - 449. Is l(2) a prime number?
False
Let v = -188146 + 399455. Is v composite?
True
Let d be (-6 - -2)*(-2)/16*8. Suppose -3*w - 3505 = -d*r, 2*r - 5*w - 549 - 1200 = 0. Is r a prime number?
True
Let w = -642224 + 1016055. Is w a composite number?
True
Let l(a) = -4*a**3 + 278*a**2 + 14*a - 67. Is l(19) composite?
False
Let d(w) = -w**2 + 16*w**2 + 933*w + 31 - 913*w. Is d(14) composite?
False
Let a(f) = -5*f**2 + 72*f**3 + 2 + 9*f**2 - f**2. Is a(3) prime?
True
Suppose 3*a - 6*a = 12906. Let h = a + -28443. Is h/(-27) - 6/(-27) a prime number?
True
Let s(m) be the first derivative of -43*m**4/2 + 2*m**3 - 3*m - 79. Is s(-5) a prime number?
False
Let h(m) = -707*m + 3145. Is h(-20) a prime number?
False
Suppose -h + 572301 + 778423 = o, -4*o + 2*h + 5402938 = 0. Is o a prime number?
True
Suppose -90 = b - 225. Suppose 3*h - 13*y = -9*y - 4, 0 = 3*h - 2*y + 8. Let i = b + h. Is i a prime number?
True
Suppose -214*a = -218*a + 5*f + 1995966, -5*f = -6*a + 2993944. Is a composite?
False
Suppose 0 = -3*t - q + 17, 2*t - 4 = -q + 9. Is ((-11)/3 + t)/((-1)/(-15153)) composite?
False
Let j be 168/(-14)*(-6)/(-9). Is 18/144 + (-7031)/j a composite number?
True
Suppose 11 = 4*b - 13. Let h be (b - 6)*2/(-4) - -16. Is (6818/6)/(h/48) a composite number?
True
Suppose 1752148 = 92*h - 1649368. Is h a composite number?
False
Let l(t) = 249*t**2 - 200*t - 978. Is l(-5) a prime number?
True
Suppose 648986 = 4*w - 2*v, 1513*w - 1510*w - 5*v - 486736 = 0. Is w a prime number?
False
Is 13/((-156)/(-1364331)) + 6/8 composite?
True
Suppose 3 = 28*i - 27*i. Suppose o + 4621 = -0*a + i*a, 0 = -o + 2. Is a a composite number?
True
Let l = 456143 + -243316. Is l prime?
True
Suppose 4228799 - 35056496 = -55*c + 11934088. Is c composite?
True
Let g(c) = c**3 + 3*c**2 - 7*c + 35. Let l(x) = x**3 + x**2 - 4*x + 18. Let n(s) = 3*g(s) - 5*l(s). Suppose 6*t + 12 = 4*t. Is n(t) a prime number?
False
Let a(g) = g**3 + 33*g**2 + 63*g + 32. Let r be a(-31). Is (r - 2)/(-4 + (-142809)/(-3